z) = -5*z + 2. Calculate t(x).
12
Let w(x) = x**3 + 3*x**2 - 2. Let a(d) = d - 7. Suppose 2 = -4*j + 22. Let u be a(j). Calculate w(u).
2
Let g = -1 + -3. Let t(c) be the second derivative of -c**2 + 6*c + 0 - 1/3*c**3. Determine t(g).
6
Let y(a) = 0*a + 4 - a + 2*a. Suppose 2*o - o = -1. Let v be (9 + -8)/(o/3). Determine y(v).
1
Let a(q) = q**3 + q**2 - 6*q + 3. Let h be a(2). Let l(x) = 4*x - 2. Determine l(h).
10
Let f(z) = -2*z - 2. Let r be -4 + (-1 + 0)*-1. Determine f(r).
4
Let c(l) = l. Let x(h) = -h - 6. Let k be x(-6). Give c(k).
0
Let r(z) = -5*z**2 - 2*z - 1. Let m(u) = u - 6. Let k be m(9). Let l be 24/10 - (-6)/(-15). Suppose -i = l*i + k. Determine r(i).
-4
Let i(v) be the first derivative of -v**4/4 - 5*v**3/3 + v**2/2 - 3*v - 3. Calculate i(-5).
-8
Let u(p) = -p - 2. Let g = 59 + -59. Give u(g).
-2
Suppose z - 3 = -2*s - 2, -z - 5*s - 5 = 0. Let l(v) = -v**2 + 6*v - 4. Determine l(z).
1
Let t(n) = n**3 - 6*n**2 + 3. Let x(k) = -k + 14. Suppose 3*z = 2*z + 8. Let b be x(z). What is t(b)?
3
Suppose n - 2 = 1. Suppose 4*a + n = 15. Let p be -1 - a - (1 - 1). Let f(o) = o**2 + 5*o + 4. What is f(p)?
0
Let z(i) be the first derivative of 3 + 7/2*i**2 + i. Calculate z(1).
8
Let p(q) = 5*q**2 + 8*q + 5. Let a(s) = 3*s**2 + 4*s + 3. Let f(b) = -7*a(b) + 4*p(b). Give f(4).
-1
Let o(x) = -3*x + 7. Let t(u) = -16*u + 36. Let r(a) = 11*o(a) - 2*t(a). Suppose 5*h - 15 = -0*h. Suppose h*g - 4 = -2*z, 4*g + g + z - 2 = 0. Determine r(g).
5
Suppose -9*r = -4*r - 80. Suppose w = 2*y + y - 11, -2*w - r = -3*y. Let n(f) = -2*f + 2. Let o be n(y). Let m(a) = 3*a - 1. Give m(o).
-7
Let w be 0/3*1/3. Suppose w*x = -2*x. Let p(f) = f**3 + f**2 + f - 6. Determine p(x).
-6
Let o(j) = j**3 + 7*j**2 - 2. Let i be (-18)/(-6) + (-15)/3. Let d be i - 1 - (7 + -3). Calculate o(d).
-2
Suppose 2*r = -3*r + 15. Let w(m) = -2 + m**3 - m + r*m + 0*m - m**2. Let z(k) = 2*k**2 - 3*k. Let g be z(2). What is w(g)?
6
Let n(y) = 0*y - 3*y + 0*y + 4*y - 2. Determine n(-2).
-4
Let w(k) be the third derivative of -k**4/24 - k**3/3 - 8*k**2. Give w(-5).
3
Let f(t) = t**3 + 6*t**2 - 8*t - 4. Suppose -5*x - 227 = -192. Give f(x).
3
Let o(y) = y**2 + y - 20. Let d(w) = -6*w**2 - 5*w + 100. Let q(a) = 2*d(a) + 11*o(a). Determine q(0).
-20
Let q(o) = -9*o**2 - o + 10. Let x(f) = 2*f**2 + f - 1. Let p(j) = -q(j) - 5*x(j). Let w be (-4)/(-6)*-3*2. Determine p(w).
-5
Let n(r) = -r**3 - 8*r**2 - 8*r - 3. Let i be n(-7). Let x(a) = -a. Determine x(i).
-4
Let t be (12/9)/(2/3). Let c(u) = 5*u - 3. Calculate c(t).
7
Let k(j) = -j + 3. Let o be k(-8). Let s(b) = 5*b**2 + 9*b + 4. Let a(d) = -9*d**2 - 17*d - 8. Let f(i) = o*s(i) + 6*a(i). Calculate f(3).
-4
Let j(b) = -b - 1. Let q(n) = 3*n**2 - 4*n - 5. Let p(t) = -4*j(t) + q(t). Calculate p(2).
11
Let v(i) = 7*i. Let h be v(1). Let b(q) = -q**2 + 3*q**2 + 33*q + 2*q**2 + h. Let n(p) = -p**2 - 8*p - 2. Let j(m) = -2*b(m) - 9*n(m). Determine j(-4).
-4
Let v(g) be the second derivative of g**4/24 + g**3/2 + g**2/2 - g. Let i(u) be the first derivative of v(u). Let h = 10 - 14. Calculate i(h).
-1
Let h(v) be the first derivative of -1/2*v**2 - 3*v + 2. Determine h(-4).
1
Let g(i) = -i + 4. Let c(b) = 3*b + 12. Let u(h) = 4*h + 12. Let v(j) = -7*c(j) + 6*u(j). Let t(r) = -8*g(r) - 3*v(r). Calculate t(4).
0
Let s(x) be the second derivative of 0 + x + 3/2*x**2 - 1/3*x**3. What is s(3)?
-3
Let p(v) = 3*v - 1. Let n = 36 - 27. Suppose -n = -2*q - 7. Give p(q).
2
Let s(b) = 5 + 6*b - 6*b - b**2. Let m = 0 + 4. Calculate s(m).
-11
Let p(o) = o**2 - o + 1. Let s(d) = -d**3 + 8*d**2 - 7*d + 7. Let m = -2 + 1. Let a(t) = t - 3. Let k be a(7). Let c(b) = k*p(b) + m*s(b). Determine c(3).
-3
Let n(r) = -r**2 + 5. Let k(p) = 2*p - 18. Let u be k(9). Determine n(u).
5
Let p(z) = 2*z**2 - 3*z - 4. Let b be p(3). Let q(j) = 0*j - 5 + j + 2 + 0. Calculate q(b).
2
Suppose 2*v = 5*v - 9. Suppose 4*f - v*f - 5 = -u, 0 = 5*u - 5. Suppose f*k + 2 = 5*k. Let j(t) = 4*t. Determine j(k).
8
Let c = -38 - -39. Let y(g) be the third derivative of g**6/24 - g**5/30 + g**3/6 + 2*g**2. Give y(c).
4
Let p(c) be the first derivative of -c**4/4 + 5*c**3/3 + 5*c**2/2 - 9*c + 7. Calculate p(6).
-15
Let y(n) = n**2 + 5*n + 2. Let r be y(-5). Suppose 0 = -5*a + 2*d - 27, r*a + a = -3*d - 12. Let v(i) = i**3 + 6*i**2 + 6*i + 5. Determine v(a).
0
Let q(l) be the second derivative of -l**4/12 + l**3/6 + 9*l**2/2 + 7*l. Let g(t) = t**3 + 6*t**2 + 4*t - 2. Let u be g(-5). Suppose u*w - w = 0. Give q(w).
9
Let n = 10 + -6. Suppose -n*c - 12 = -7*c. Let y(x) = c*x**2 + 0*x**2 - 6 - 4*x - x**3 + 2*x**2. Give y(5).
-1
Let w(g) = -4*g**3 - 9*g**2 - 5*g - 7. Let j(c) = 5*c**3 + 10*c**2 + 4*c + 8. Let h(s) = 3*j(s) + 4*w(s). Give h(-5).
11
Suppose 9*p + 9 = 6*p. Let h(f) = f**3 + 2*f**2 - 2*f. Calculate h(p).
-3
Let r(d) = d - 9. Let n(c) = 3*c - 19. Let a(x) = -3*n(x) + 7*r(x). Let i = -10 + 5. Calculate a(i).
4
Let x(h) = -h**2 + 8*h - 6. Let r be 4/(-7) + (-46)/(-7). Calculate x(r).
6
Suppose 4*q = -q + 10. Let s(d) = 3*d + 1. Let l(b) = -2*b - 2. Let j(k) = q*l(k) + 3*s(k). Let n(r) = -2*r**2 - r. Let o be n(-1). Calculate j(o).
-6
Let z(j) = -j**3 + 4*j**2 + 1. Suppose 9 - 1 = 2*b. Give z(b).
1
Let u(w) = 7 - 4 + w**2 + w**2 - 5*w. Let d = 3 + -5. Let v = 5 + d. Give u(v).
6
Let b(l) = l**3 - 2*l**2 + l - 1. Let j(i) = -3*i - 7. Let v be j(-3). Calculate b(v).
1
Let s(n) = 17*n + 6. Let j(c) = 6*c + 2. Let m(k) = -8*j(k) + 3*s(k). Calculate m(-2).
-4
Let w(v) = v**2 - v - 7. Let x = -53 + 53. Determine w(x).
-7
Suppose 0 = 5*v + 2*z - 9, 3*v - 3*z - 18 = -0*z. Suppose -v*c = h + 4, 2*h + 2*c - 4 = -0*c. Let i(o) = o + 5. Give i(h).
10
Let f(d) = -321*d**2 + 25 + 0*d**3 + d**3 + d + 320*d**2. Give f(0).
25
Let i be 3*4*(-1)/(-6). Suppose 0*w - i = w. Let t(g) = 4*g - 2. Let m(f) = -11*f + 5. Let z(q) = 3*m(q) + 8*t(q). Determine z(w).
1
Let k(q) = 1 + 0*q + 2*q - 3. Suppose -9*d = -3*d - 18. Calculate k(d).
4
Let b(t) = -6*t**3 + t**2 + t - 1. Let y(l) be the third derivative of l**4/24 - 7*l**3/6 - 6*l**2. Let i be y(8). Determine b(i).
-5
Let i = -2 + 2. Let r(y) = 0*y**2 + 2*y - 1 + i - y - y**2. Give r(1).
-1
Let b(z) be the second derivative of 0 + z**2 + 1/6*z**3 + 2*z. Let d(q) = q**3 + q**2 + q + 1. Let s be d(-2). What is b(s)?
-3
Let q(f) be the third derivative of f**5/20 + f**4/6 + f**3/2 - 3*f**2. Let r be q(-2). Let s = -9 + r. Let h(g) = g**3 + 3*g**2 + 3*g + 1. Determine h(s).
-1
Suppose 0 = -6*x + 7*x - 5. Let j(h) = h**2 - 6*h + 2. Determine j(x).
-3
Let c(x) be the first derivative of x**4/4 - 5*x**3/3 + x**2 - 3*x - 78. Let y be (-4)/14 + (-74)/(-14). Determine c(y).
7
Let n(t) = -t - 2*t**2 + 2 + t**2 + 2 + 0*t. Let q = -8 - -8. Calculate n(q).
4
Suppose 3*f = -2*h - 2*h + 32, -2*h + 16 = -f. Let w(z) = z**3 - 9*z**2 + 7*z - 5. Give w(h).
-13
Let p(o) = -11*o + 4. Let a(q) = 5*q - 2. Let d(m) = 7*a(m) + 3*p(m). Determine d(2).
2
Let q(w) = w**3 + 3*w**2 - 4*w. Let r be q(-4). Let d(v) = 2*v + 2*v + 3 + 0 - 3*v. What is d(r)?
3
Let p(x) = x + 7. Let b be p(-6). Let l be (-1)/(b/1 - 2). Let f = -3 - l. Let u(y) = -y**3 - 5*y**2 - 5*y - 5. What is u(f)?
-1
Let r(k) be the second derivative of k**5/20 + k**4/4 - k**3/3 + 2*k**2 - 3*k. What is r(-3)?
10
Let x(z) = -z**3 - 7*z**2 - 6*z - 8. Let d = 11 - 17. What is x(d)?
-8
Let c(l) = -l**2 - l + 1. Let t(n) = -2*n**2 - n + 2. Let d = 56 + -58. Let f = 4 + -2. Let j(v) = d*c(v) + f*t(v). Calculate j(2).
-6
Let m(v) be the first derivative of v**2 - 2*v + 6. Suppose -2*y + 10 = 2*t, 0 = -4*t + 4*y - 2 + 6. Calculate m(t).
4
Let a(m) = 2*m**3 - m**2 + 1. Let r(g) = g**2 + 2*g - 4. Let x be r(-3). What is a(x)?
-2
Let x(n) = -5*n**2 + 4*n - 2. Let o(i) = -4*i**2 + 3*i - 2. Let d(y) = 6*o(y) - 5*x(y). Suppose 2*w = -0*w + 6. Determine d(w).
1
Let j(u) = -u**2 - u - 6. Let o be j(0). Let d(k) = k**2 + 6*k + 2. What is d(o)?
2
Let o(i) = i**3 - 3*i + 2*i + 2*i - 3*i**2. Let u be (-8 - -7)*(-2 + -1). Determine o(u).
3
Let z(v) = v**2. Let t = -14 - -16. Determine z(t).
4
Suppose 0 = 2*u + 5*d - 4, 0 = -6*u + u + d + 10. Let k(c) = -u*c**2 + c - c**3 - 2 - 4*c + 1. Determine k(-2).
5
Let q(s) = 2*s**2 - 3*s + 1. Let a(d) = d**3 + 9*d**2 - 8*d - 6. Let z be a(-10). Let p be (-4)/(-22) - z/(-22). Let i = 4 + p. What is q(